f - 593 = 5*g. Calculate the remainder when f is divided by 15.
14
Let s(j) = 4*j**2 - 13*j - 14. Let z be (-2)/2 - (2 + -1). What is the remainder when 15/z*(-16)/3 is divided by s(5)?
19
Let o = -918 - -393. What is the remainder when -2 + o/(-6) + 9/6 is divided by 22?
21
Suppose 8 = 4*s, 2*s + 794 = 3*w - 45. Suppose -9*j = -w + 47. What is the remainder when ((-15)/(-2))/(2/20) is divided by j?
23
Suppose -4*m = 3*x - 372, -26*x + 29*x + 396 = 4*m. Calculate the remainder when m is divided by 11.
8
Suppose 21*t = -4 + 445. Calculate the remainder when 250 is divided by t.
19
Let g = -103 + 159. Let m = -40 + g. Calculate the remainder when 77 is divided by m.
13
Let t = -326 + 336. Calculate the remainder when 287 is divided by t.
7
Let f = 20 - 7. Suppose 21*m - 23*m = 2*t, 4*m = 4*t - 24. What is the remainder when f is divided by t?
1
Let r = -2224 + 3545. What is the remainder when r is divided by 21?
19
Suppose 0*y + 3*q - 40 = -2*y, 5*y - 3*q - 100 = 0. Let j be (6/(-9))/((-2)/33). Suppose -2*g = -g - j. What is the remainder when y is divided by g?
9
Calculate the remainder when 1192 + (-1 + 1 + 6 - 0) is divided by 80.
78
Let d = 2854 - 2848. Calculate the remainder when 839 is divided by d.
5
Suppose -9*d = -0*d - 387. Suppose -4*x - 28 = -4*i, 0*i + 4*x = i - 13. Calculate the remainder when d is divided by i.
3
Let x(c) = c**3 - 8*c**2 + 9*c - 3. Let i(v) = -v**2 + 5*v + 21. Let j be i(7). Calculate the remainder when 34 is divided by x(j).
1
Let j = -11 + 24. What is the remainder when 1908 is divided by j?
10
Let f = -16 - -20. Suppose 2*g - 5*j - 56 = 0, -g + 5*j + 110 = f*g. Calculate the remainder when (11 + 2)/(2/g) is divided by 30.
27
Suppose 7*v - 29 - 13 = 0. Suppose v*p = p - 50. Let z = p + 28. Calculate the remainder when 51 is divided by z.
15
Let n(o) = o + 11. Let x be n(-9). Suppose x*s - 8 - 18 = 0. What is the remainder when s is divided by 3?
1
Let i = -51 - -364. What is the remainder when i is divided by 53?
48
Let p(b) = -15*b - 20. Calculate the remainder when p(-3) is divided by 7.
4
Calculate the remainder when 139 is divided by (3/4)/(70/280).
1
Let z be (-10)/35 + 30/7. Calculate the remainder when (-2)/z*(2 + 0)*-29 is divided by 11.
7
Suppose -q + 2*x = -14, 2*q - 7 - 3 = -2*x. Let a(g) = 2*g + 4. Calculate the remainder when 54 is divided by a(q).
14
Suppose 0 = 10*i - 271 - 39. Calculate the remainder when 92 is divided by i.
30
Suppose 5*f - 140 = 5*b, -4*f = -6*f + 4*b + 54. Let x = -141 + 197. Calculate the remainder when x is divided by f.
27
Let n(a) = 46*a - 16. What is the remainder when n(2) is divided by 26?
24
Let m(p) = p**2 - 70. What is the remainder when m(15) is divided by 57?
41
Let j(i) = -4*i + 12. What is the remainder when j(-6) is divided by -2 - (224/7)/(-2)?
8
Suppose -2*p + 35 = -49. Let c = p - 1. What is the remainder when 79 is divided by c?
38
Let a be (0/((1 + -2)*2))/(-1). Suppose -2*u - 26 + 66 = a. What is the remainder when u is divided by 11?
9
Suppose -97 = 5*s - 12. Let j = s - -27. Calculate the remainder when -1 - -26*(4 + -3) is divided by j.
5
Let u = -14 + 19. Let r be (-36)/((-14)/(-4) - 2). Let g = -8 - r. What is the remainder when g is divided by u?
1
Let g(u) = -u**2 - 14*u + 217. Calculate the remainder when g(-17) is divided by 42.
40
Calculate the remainder when (-17836)/(-234) - 2/9 is divided by 14.
6
Let o = 150 + -136. Let c be (-1)/(-5) + (-2355)/25. Let r = 133 + c. What is the remainder when r is divided by o?
11
Suppose 2*u = 4*o + 28, -3*u - 17 = -u + 5*o. Suppose -2*f = 2*d - 58, -u*f - 73 = 2*d - 5*d. What is the remainder when d is divided by 16?
11
Let h = -113 - -160. Calculate the remainder when h is divided by 17.
13
Let r(y) = 19*y - 109. Calculate the remainder when r(23) is divided by 83.
79
Let n(l) = 5*l**2 - 2*l - 1. Let a(c) = c**3 + 13*c**2 + 12*c + 8. Let k be (-4)/18 + (-636)/54. What is the remainder when a(k) is divided by n(-1)?
2
Let w = 2847 + -2742. What is the remainder when 516 is divided by w?
96
Suppose 2*x - 5*z + 0*z = 1, x - 3*z = 0. Suppose q = -3, -x*t - 2*q = q - 9. What is the remainder when 15 is divided by t?
3
Let k be 1/(3/(-195)*-5). Suppose -10*q = -9*q - k. Calculate the remainder when 25 is divided by q.
12
Suppose 19*s - 30 = 27. Suppose 2*m = 27 - 11. What is the remainder when m is divided by s?
2
Let m = -29 - -44. Let o(q) = 7*q + 45. Calculate the remainder when o(6) is divided by m.
12
Let y(z) = 3*z + 20. Let n be y(-5). Suppose -3*s - 2*t + 32 = 0, s = -2*s - n*t + 17. Calculate the remainder when s is divided by 5.
4
Suppose 25*o - 22*o + 219 = 0. Calculate the remainder when (-1 + 2)*-3 - o is divided by 18.
16
Suppose -81*i = -84*i + 405. What is the remainder when i is divided by 20?
15
Suppose 1 = -4*j - 7, 5*r + j = -142. Let i = r + 31. Calculate the remainder when ((-2)/(-2))/(i/75) is divided by 13.
12
Let c(j) = j**2 + 25*j + 230. Suppose -2*w = 3*w - 95. What is the remainder when c(-17) is divided by w?
18
Suppose -4*s + 0*b + 3*b = -12, 4 = s - b. Suppose -11*f + 4*f + 133 = s. Calculate the remainder when 55 is divided by f.
17
Suppose -3*y + 89 = -76. What is the remainder when y is divided by (180/(-8))/15 + 82/4?
17
Suppose 4*g + 4*c = 0, 2*c + 2*c = 2*g - 12. Suppose -7*l - g*l = -252. Calculate the remainder when 139 is divided by l.
27
Suppose -39*n + 140 = -43*n. What is the remainder when 108/(-7)*n/10 is divided by 28?
26
Calculate the remainder when (2/((-12)/45))/(11/(-286)) is divided by 17.
8
Let k(m) = m**2 + 9*m - 72. Calculate the remainder when 300 is divided by k(6).
12
Let b(i) = i**2 - i - 1. Let j(w) = w**3 - 5*w**2 - w - 6. Let z(s) = -3*b(s) + j(s). Calculate the remainder when 103 is divided by z(8).
12
Suppose -3*n + 61 = -5*a, 0 = 4*n + 2*a - 25 - 91. What is the remainder when (-80)/48 + ((-1419)/(-9) - -3) is divided by n?
24
Suppose 4*p = -158 + 210. Let w(t) = -t**3 - 24*t**2 - 3*t - 15. What is the remainder when w(-24) is divided by p?
5
Let f(r) = -17 + 0*r - 6*r + 4*r - 8*r. What is the remainder when f(-8) is divided by 13?
11
Let h = 16 - 9. Let p(j) = -j**3 + 6*j**2 + 6*j + 7. Let w be p(7). Suppose w = 2*q - 29 + 3. Calculate the remainder when q is divided by h.
6
Suppose -480 = 38*p - 1468. What is the remainder when p is divided by 14?
12
Let b(a) = a**2 - 19*a - 8. Let v be b(14). Let q = v + 81. What is the remainder when 11 is divided by q?
2
Suppose 0 = -3*l + 6*l. Suppose 0 = 3*f + 4*h - 47, 2*h + h - 15 = l. Suppose m + 5*t - 48 = f, -2*t + 138 = 4*m. What is the remainder when m is divided by 11?
10
Suppose -4*k + k = -81. Calculate the remainder when 61 is divided by k.
7
Suppose -5*v + 163 = -292. Calculate the remainder when 219 is divided by v.
37
Suppose 2*k + 2*k - 108 = 0. Suppose 0 = 22*o - k*o + 65. What is the remainder when 49 is divided by o?
10
Let y = 38 - -13. Suppose 0 = q - 3*q + 36. Calculate the remainder when y is divided by q.
15
Let u(k) = 5*k**2 - 15*k - 8. Let c(b) = 6*b**2 - 16*b - 9. Let p(w) = 4*c(w) - 5*u(w). Calculate the remainder when p(5) is divided by (0 + -4)*(-6)/2.
10
Suppose -4*q - 2*i = -106, 2*q - i - 2*i = 41. Suppose 0*j = 4*j - 292. Calculate the remainder when j is divided by q.
23
Suppose 127*q = 148*q - 84. Calculate the remainder when (1/2)/((-1)/(-36)) is divided by q.
2
Let b(d) = -184*d**3 - d**2 + 6*d + 7. Calculate the remainder when b(-1) is divided by 39.
28
Let u(n) = -17*n**3 - 14*n**2 - 25*n - 5. Calculate the remainder when u(-2) is divided by 34.
23
Let u(k) = k**3 - 35*k**2 - 34*k - 49. Calculate the remainder when 223 is divided by u(36).
16
Suppose 0 = k + 2, p - 2*k + 4*k = 125. Suppose -s + p = 2*s. Calculate the remainder when s is divided by 9.
7
Let t(m) = -m**2 - 3*m - 2. Let l = -6 + 4. Let u be t(l). Suppose u = -3*s + 5 + 88. What is the remainder when s is divided by 11?
9
What is the remainder when 217 is divided by 35 + -27*(-8)/24?
41
Suppose 2*h + 40 + 2 = 0. Let x = 114 + -72. Let w = h + x. Calculate the remainder when w is divided by 6.
3
Let d(i) = -32*i - 12. Let g be d(-5). Suppose 15*h - g = 11*h. Calculate the remainder when h is divided by 19.
18
Suppose -103 = -4*n - z, 0*z = -4*n - 5*z + 83. Suppose -5*y = 3*w - 48 - 20, 0 = 5*y + 4*w - 64